*3 - 7*b**2 - 7*b + 8. What is the remainder when i(-2) is divided by 103?
99
Let q = 3682 - 1016. Calculate the remainder when q is divided by 29.
27
Let r = -101 + 74. Let h = -22 - r. Suppose 0 = h*s - 55 - 210. What is the remainder when s is divided by 29?
24
What is the remainder when 1020 is divided by (((-15)/63)/(420/(-192024)))/(3/14)?
4
Let i(c) = -91 + 180 + 10*c + 2*c - 84. Calculate the remainder when i(7) is divided by 19.
13
Calculate the remainder when (-506)/(-253) - -347*17 is divided by 48.
45
What is the remainder when 505 is divided by -17*(-2)/5 + (-836)/(-55) + -14?
1
Let o(z) be the third derivative of -5/24*z**4 + 0*z + 1/3*z**3 + 0 - 7/60*z**5 - 1/120*z**6 - 20*z**2. Calculate the remainder when o(-8) is divided by 27.
25
Let u(d) = -866*d - 22447. What is the remainder when 9015/33 + (-4)/22 is divided by u(-26)?
66
Let q(k) be the second derivative of 4*k**3 + 127*k**2/2 - k - 51. What is the remainder when 215 is divided by q(-4)?
29
Suppose s - 2*r + 15 = 0, s - 4*s = 4*r - 5. Let t be (-22)/(-55) - (8/s + 2). Suppose 4*l - 24 = -t*l. What is the remainder when 13 is divided by l?
1
Let i(o) = -39*o + 39. Let m be i(5). Let r = m - -330. Suppose -2*h + 19 = -69. Calculate the remainder when r is divided by h.
42
Let v = -17253 - -18145. Calculate the remainder when v is divided by 144.
28
Let o(g) = 2*g + 11 + 20 - 11*g. What is the remainder when o(-5) is divided by 11?
10
Suppose 215 + 621 = b. Let g = b - 827. Calculate the remainder when 483 is divided by g.
6
Suppose -2*k + 858 = 3*b, k = 3*b + 970 - 559. What is the remainder when 857 is divided by k?
11
Let a be (-5649)/42 + (-2)/(-4). Let d = a - -144. Calculate the remainder when 75 is divided by d.
5
Suppose 0 = -943*g + 896*g + 7520. What is the remainder when g is divided by 22?
6
Let a = 12 - -4. Let c(h) = 2*h**2 + 87*h - 77. What is the remainder when c(-46) is divided by a?
9
Suppose 304*u + 37715 = 126787. Calculate the remainder when u is divided by 76.
65
Suppose -4*u + 3*u = -0*u. Suppose a - 11 - 21 = u. What is the remainder when 93 is divided by a?
29
Let u(w) = 4*w**2 - 52*w + 130. Let p = 11 + -6. Suppose p = o, 29 + 9 = c + 2*o. Calculate the remainder when c is divided by u(3).
8
Let i = 119 + -111. Suppose 0 = -9*l + i*l + 100. Suppose -4*z + 2*u + l = 0, 3*z + 2*z + 2*u - 107 = 0. What is the remainder when 114 is divided by z?
22
Let k be (-50)/(-15)*(-6)/(-5). What is the remainder when (-162 + k)*3*(-5)/30 is divided by 9?
7
Suppose -5*u + w - 267 = -1390, -u = 2*w - 218. What is the remainder when u is divided by 65?
29
Let w be ((-6)/8)/(-2 - (-35)/20). Let v(i) = 12*i + 8. Let t be v(w). Let m = t - 15. What is the remainder when m is divided by 10?
9
Let b be (-1 - -3)*(-6)/(-4). Suppose b*o = 48 + 93. Let d(v) = -v**2 - 30*v - 185. Calculate the remainder when o is divided by d(-11).
23
Let p = -49 + 77. Let q be 4*3/(-6)*1 - -2. Suppose q = -2*i - p + 108. Calculate the remainder when i is divided by 14.
12
Let v = 2494 + -2477. Calculate the remainder when 457 is divided by v.
15
Suppose -j = 3, -f - j - 5 = 26. Let p = 31 + f. Calculate the remainder when 8*(0 + 17) - -2 - p is divided by 34.
33
Let r = -56 + 62. Calculate the remainder when 38 is divided by r/(-15) - (224/(-35) - -1).
3
Suppose 10 - 2 = 2*y. Suppose y*w + 171 + 101 = 0. Let g = 28 - w. Calculate the remainder when g is divided by 33.
30
Let m = 536 - 456. Calculate the remainder when 164 is divided by m.
4
Let k(m) = m**2 + 2*m - 8. Let o be k(-8). Let f = -35 + o. Suppose 4*s + 16 = 0, -6*n + 5*n - 7 = f*s. Calculate the remainder when 48 is divided by n.
9
Suppose -6*r = 18*r. Suppose 2*c + o - 98 = r, 0 = 2*o - o. Suppose 4*x + 5*u - 77 = 0, 5*x + 4*u - 85 = -0*u. What is the remainder when c is divided by x?
10
Let h = 1241 + -590. Calculate the remainder when h is divided by 58.
13
Let x = 3 - -11. Let k(l) = 5*l**2 + 8*l + 38. Calculate the remainder when k(0) is divided by x.
10
Suppose 2*i = m - 61, 2*m + 5*i - 129 = 2*i. Let r = m - 53. Let h = 16 + r. Calculate the remainder when 95 is divided by h.
17
Let f be (-23)/(0 + 3/(-3)). Let h = f + -14. Let o(c) = -c**3 + 20*c**2 + 24*c - 28. Calculate the remainder when o(21) is divided by h.
8
Let z(f) = -56*f + 1700. Suppose -30 = -2*r + 3*p - 7, -5*p - 37 = -3*r. What is the remainder when z(30) is divided by r?
0
What is the remainder when 2758 is divided by (2550/765)/(((-14)/36)/(-7))?
58
Let q(t) be the third derivative of -25*t**2 - 1/60*t**5 + 0*t + 0 + 29/24*t**4 - 17/3*t**3. Calculate the remainder when 57 is divided by q(27).
17
Let y = -41679 + 48115. What is the remainder when y is divided by 126?
10
Suppose 0 = -100*b + 130*b - 2280. Calculate the remainder when 239 is divided by b.
11
Suppose 5*q = x + 13 - 44, -4*q + 2*x - 26 = 0. Let w be q/(-4) + (-12380)/40. What is the remainder when 6/39 + w/(-26) is divided by 7?
5
Suppose 5 = y + 5*f - 2*f, -8 = -5*y + 2*f. Suppose -2*d - y*d = -56. Suppose -2*q = -2*o - d, -o + 27 = q + 2*o. What is the remainder when 35 is divided by q?
11
Let r be (-6)/30 - ((-2313)/15 + -2). Suppose 0*y + r = 3*y + 3*x, 3*y - x - 164 = 0. What is the remainder when y is divided by 12?
6
Let l(a) = 4*a**2 - 130*a + 666. What is the remainder when l(33) is divided by 88?
28
Suppose -4*g - l + 352 = 0, -4*g + 302 + 26 = -5*l. What is the remainder when g is divided by 80?
7
Suppose 3*k - 2*s = 10, 2*k - 4*s + 7*s - 11 = 0. Suppose -4*u + k*g + 44 = 0, -95 + 27 = -4*u - 4*g. Calculate the remainder when 54 is divided by u.
12
Let g = 39 + -35. Suppose 0 = -4*q + g*j + 68, -4*q + 3*j + 27 = -43. Let r = -4 + q. Calculate the remainder when 59 is divided by r.
14
Suppose 4*g - 3*g = 2*v + 102, -5*g + 462 = 2*v. Calculate the remainder when g is divided by (-2)/10 + 1342/110.
10
Suppose -2*q - 2 = -4*q. Let i be (-18786)/(-30) + q/(-5). Suppose 5*x - i = -b, b = x + 60 - 190. Calculate the remainder when x is divided by 16.
14
Suppose 195*r - 4202 - 8278 = 0. Calculate the remainder when 2877 is divided by r.
61
Suppose -2*v - 70 = -w, -3*w - 157*v + 161*v + 212 = 0. Let p(j) = 3*j + 5. Let s be p(9). Let d = -17 + s. What is the remainder when w is divided by d?
12
Let f = -370 + 492. Let l = f + -107. What is the remainder when 641 is divided by l?
11
Suppose 101*p - 100*p = 2336. Suppose p = -8*a + 40*a. Let v = 75 + -50. Calculate the remainder when a is divided by v.
23
Let k(h) = -h**3 + 15*h**2 - h + 18. Let t be k(15). Suppose 144 = 11*g - 9*g. What is the remainder when g is divided by 115/t + (-44)/33?
35
Let k(a) = 3*a - 51. Let c be k(9). Calculate the remainder when c + 235 - (-6)/2 is divided by 54.
52
Let l = 6393 - 6282. Calculate the remainder when 948 is divided by l.
60
Let x = -547 - -582. Calculate the remainder when 24 + 1 - (1 + 0) is divided by 6/14 - ((-800)/x)/5.
4
Suppose 6*z = 827 + 1129. Let f = z + -275. Calculate the remainder when f is divided by ((-108)/(-16))/(2/8).
24
Suppose 0 = l + 4*w - 1, 6*w = 9*w + 12. Let z = 12 + 1. Let t = z - -34. Calculate the remainder when t is divided by l.
13
Let o(q) = 2*q**2 + 70*q - 1270. Calculate the remainder when o(26) is divided by 87.
75
Suppose -282*v + 278*v + 40 = 0. Suppose 2*k = -3*z + 30, -5 = -3*k + 3*z + v. Calculate the remainder when 35 is divided by k.
8
Let y = -11959 - -12032. What is the remainder when 2625 is divided by y?
70
Let p(g) = 20*g + 4. Let h(r) = -2*r**3 - 27*r**2 - 39*r - 21. Calculate the remainder when p(5) is divided by h(-12).
14
Suppose 54 = -n + 4*n. Calculate the remainder when (-10)/(2 - 84/39) is divided by 2 - -2 - n/(-1).
21
Let z(w) = -w**3 + 7*w**2 + 81*w - 50. Calculate the remainder when 672 is divided by z(-7).
51
Let i(k) = 21*k - 70. Let p be i(3). Calculate the remainder when p/4 - (-26649)/252 is divided by 28.
20
Suppose -19*j + 26 = -16*j + 5*u, 0 = 3*j - 2*u - 40. Let v(q) = -3*q + 52. Calculate the remainder when 141 is divided by v(j).
13
Let i = 1876 + -1337. Let a = i - 501. What is the remainder when 112 is divided by a?
36
Let j = 8464 + -8460. Let k = -2 - -5. Suppose -k*o + 8 = -5*o, 5*u - 5*o = 100. Calculate the remainder when u is divided by j.
0
Let n be (-2 + (-3)/6)*-2. Suppose -x + 59 = 4*f, -4*x = 5*f - n*x - 76. Let d(